{"version":"1.0","provider_name":"Nuestro  Bio B\u00edo","provider_url":"https:\/\/www.fraczinet.cl\/sitio","author_name":"admin","author_url":"https:\/\/www.fraczinet.cl\/sitio\/author\/admin\/","title":"\u00bfQui\u00e9n Puso Nombre A Am\u00e9rica? - Nuestro Bio B\u00edo","type":"rich","width":600,"height":338,"html":"<blockquote class=\"wp-embedded-content\" data-secret=\"bgpPvwc2hz\"><a href=\"https:\/\/www.fraczinet.cl\/sitio\/2024\/09\/16\/quien-puso-nombre-a-america\/\">\u00bfQui\u00e9n Puso Nombre A Am\u00e9rica?<\/a><\/blockquote><iframe sandbox=\"allow-scripts\" security=\"restricted\" src=\"https:\/\/www.fraczinet.cl\/sitio\/2024\/09\/16\/quien-puso-nombre-a-america\/embed\/#?secret=bgpPvwc2hz\" width=\"600\" height=\"338\" title=\"\u00ab\u00bfQui\u00e9n Puso Nombre A Am\u00e9rica?\u00bb \u2014 Nuestro  Bio B\u00edo\" data-secret=\"bgpPvwc2hz\" frameborder=\"0\" marginwidth=\"0\" marginheight=\"0\" scrolling=\"no\" class=\"wp-embedded-content\"><\/iframe><script>\n\/*! This file is auto-generated *\/\n!function(d,l){\"use strict\";l.querySelector&&d.addEventListener&&\"undefined\"!=typeof URL&&(d.wp=d.wp||{},d.wp.receiveEmbedMessage||(d.wp.receiveEmbedMessage=function(e){var t=e.data;if((t||t.secret||t.message||t.value)&&!\/[^a-zA-Z0-9]\/.test(t.secret)){for(var s,r,n,a=l.querySelectorAll('iframe[data-secret=\"'+t.secret+'\"]'),o=l.querySelectorAll('blockquote[data-secret=\"'+t.secret+'\"]'),c=new RegExp(\"^https?:$\",\"i\"),i=0;i<o.length;i++)o[i].style.display=\"none\";for(i=0;i<a.length;i++)s=a[i],e.source===s.contentWindow&&(s.removeAttribute(\"style\"),\"height\"===t.message?(1e3<(r=parseInt(t.value,10))?r=1e3:~~r<200&&(r=200),s.height=r):\"link\"===t.message&&(r=new URL(s.getAttribute(\"src\")),n=new URL(t.value),c.test(n.protocol))&&n.host===r.host&&l.activeElement===s&&(d.top.location.href=t.value))}},d.addEventListener(\"message\",d.wp.receiveEmbedMessage,!1),l.addEventListener(\"DOMContentLoaded\",function(){for(var e,t,s=l.querySelectorAll(\"iframe.wp-embedded-content\"),r=0;r<s.length;r++)(t=(e=s[r]).getAttribute(\"data-secret\"))||(t=Math.random().toString(36).substring(2,12),e.src+=\"#?secret=\"+t,e.setAttribute(\"data-secret\",t)),e.contentWindow.postMessage({message:\"ready\",secret:t},\"*\")},!1)))}(window,document);\n\/\/# sourceURL=https:\/\/www.fraczinet.cl\/sitio\/wp-includes\/js\/wp-embed.min.js\n<\/script>\n","thumbnail_url":"https:\/\/www.fraczinet.cl\/sitio\/wp-content\/uploads\/2024\/09\/Americo-Vespucio.jpg","thumbnail_width":800,"thumbnail_height":577,"description":"Am\u00e9rica se llama as\u00ed por el navegante y ge\u00f3grafo florentino Am\u00e9rico Vespucio que falleci\u00f3 un d\u00eda como hoy hace 512 a\u00f1os. Es por eso que muchos creen que fue \u00e9l quien le dio su propio nombre, pero en realidad no fue as\u00ed."}

Nuestro  Bio Bío

¿Quién Puso Nombre A América? - Nuestro Bio Bío

<blockquote class="wp-embedded-content" data-secret="bgpPvwc2hz"><a href="https://www.fraczinet.cl/sitio/2024/09/16/quien-puso-nombre-a-america/">¿Quién Puso Nombre A América?</a></blockquote><iframe sandbox="allow-scripts" security="restricted" src="https://www.fraczinet.cl/sitio/2024/09/16/quien-puso-nombre-a-america/embed/#?secret=bgpPvwc2hz" width="600" height="338" title="«¿Quién Puso Nombre A América?» — Nuestro  Bio Bío" data-secret="bgpPvwc2hz" frameborder="0" marginwidth="0" marginheight="0" scrolling="no" class="wp-embedded-content"></iframe><script>
/*! This file is auto-generated */
!function(d,l){"use strict";l.querySelector&&d.addEventListener&&"undefined"!=typeof URL&&(d.wp=d.wp||{},d.wp.receiveEmbedMessage||(d.wp.receiveEmbedMessage=function(e){var t=e.data;if((t||t.secret||t.message||t.value)&&!/[^a-zA-Z0-9]/.test(t.secret)){for(var s,r,n,a=l.querySelectorAll('iframe[data-secret="'+t.secret+'"]'),o=l.querySelectorAll('blockquote[data-secret="'+t.secret+'"]'),c=new RegExp("^https?:$","i"),i=0;i<o.length;i++)o[i].style.display="none";for(i=0;i<a.length;i++)s=a[i],e.source===s.contentWindow&&(s.removeAttribute("style"),"height"===t.message?(1e3<(r=parseInt(t.value,10))?r=1e3:~~r<200&&(r=200),s.height=r):"link"===t.message&&(r=new URL(s.getAttribute("src")),n=new URL(t.value),c.test(n.protocol))&&n.host===r.host&&l.activeElement===s&&(d.top.location.href=t.value))}},d.addEventListener("message",d.wp.receiveEmbedMessage,!1),l.addEventListener("DOMContentLoaded",function(){for(var e,t,s=l.querySelectorAll("iframe.wp-embedded-content"),r=0;r<s.length;r++)(t=(e=s[r]).getAttribute("data-secret"))||(t=Math.random().toString(36).substring(2,12),e.src+="#?secret="+t,e.setAttribute("data-secret",t)),e.contentWindow.postMessage({message:"ready",secret:t},"*")},!1)))}(window,document);
//# sourceURL=https://www.fraczinet.cl/sitio/wp-includes/js/wp-embed.min.js
</script>

América se llama así por el navegante y geógrafo florentino Américo Vespucio que falleció un día como hoy hace 512 años. Es por eso que muchos creen que fue él quien le dio su propio nombre, pero en realidad no fue así.
